26759 composite?
True
Is 10709417 a composite number?
True
Is 396434123 composite?
False
Is 674668157 composite?
False
Is 849293 a composite number?
True
Is 10428797 prime?
True
Is 32762761 a prime number?
True
Is 51457157 composite?
False
Is 186869459 a prime number?
False
Is 15373361 a composite number?
True
Is 12678233 a composite number?
True
Is 25943637 a prime number?
False
Is 98003699 a prime number?
True
Is 469939 prime?
True
Is 6107011 composite?
False
Is 44250209 composite?
True
Is 42589039 a composite number?
False
Is 1257397 a composite number?
False
Is 220552553 composite?
True
Is 4817441 composite?
False
Is 305267 prime?
True
Is 1802531 composite?
False
Is 26959643 a composite number?
True
Is 1561367 composite?
False
Is 177720251 composite?
False
Is 428851387 composite?
False
Is 87307841 prime?
True
Is 16962443 a composite number?
False
Is 936469 composite?
False
Is 71752237 a composite number?
True
Is 25939 a composite number?
False
Is 2581679 a prime number?
False
Is 150303929 a prime number?
True
Is 6769699 composite?
False
Is 143401 prime?
True
Is 26927863 a prime number?
False
Is 21689341 prime?
True
Is 5624783 prime?
True
Is 35062219 a prime number?
True
Is 7042861 prime?
False
Is 482237 prime?
False
Is 24772417 a prime number?
False
Is 176944529 a prime number?
True
Is 117723857 composite?
True
Is 2404387 a composite number?
False
Is 765707 prime?
True
Is 38209349 composite?
False
Is 2890753 a composite number?
False
Is 12414407 a composite number?
True
Is 73285571 prime?
True
Is 124974401 a prime number?
True
Is 4193743 prime?
True
Is 7910719 a prime number?
True
Is 83803427 composite?
False
Is 39352081 a prime number?
True
Is 11657083 prime?
True
Is 166351621 a prime number?
False
Is 6736799 prime?
True
Is 41380951 prime?
True
Is 126233323 prime?
True
Is 924959 a prime number?
False
Is 7689679 composite?
True
Is 2597533 a composite number?
False
Is 32132101 prime?
True
Is 55577231 a composite number?
True
Is 47399983 a prime number?
True
Is 8899783 a prime number?
True
Is 66692635 prime?
False
Is 3621349 prime?
False
Is 32143067 composite?
True
Is 16382287 composite?
False
Is 107143 composite?
True
Is 524470729 a composite number?
True
Is 11539607 a composite number?
True
Is 23116927 a prime number?
True
Is 165854783 a composite number?
False
Is 29366959 composite?
False
Is 6289099 prime?
False
Is 10530691 a composite number?
False
Is 13395957 a prime number?
False
Is 578273 a prime number?
False
Is 67873627 prime?
False
Is 21926759 a prime number?
False
Is 17403851 prime?
True
Is 122503573 a composite number?
True
Is 1316401 composite?
False
Is 33076294 a prime number?
False
Is 3136469 prime?
False
Is 18331987 composite?
True
Is 7491515 a prime number?
False
Is 1023366569 composite?
False
Is 4291799 a prime number?
False
Is 73495441 prime?
True
Is 51072603 a prime number?
False
Is 44554091 prime?
True
Is 2856961 composite?
False
Is 40111729 prime?
False
Is 9809287 prime?
True
Is 272088737 prime?
False
Is 978977 a prime number?
False
Is 10774163 prime?
True
Is 3199457 a composite number?
True
Is 5332273 a prime number?
True
Is 328384729 a composite number?
False
Is 202639373 a prime number?
False
Is 15756707 composite?
True
Is 1137953 prime?
True
Is 62909827 a prime number?
True
Is 1334603 a composite number?
False
Is 200150801 prime?
True
Is 4369623 prime?
False
Is 687061 prime?
True
Is 619733 a composite number?
True
Is 153762967 a composite number?
False
Is 94540223 composite?
True
Is 2309471 a prime number?
True
Is 43272473 a prime number?
True
Is 54016979 composite?
False
Is 1199257 a prime number?
True
Is 131412733 prime?
False
Is 54358819 a prime number?
False
Is 729588073 composite?
False
Is 4338613 composite?
False
Is 1185953 a prime number?
True
Is 3141389 a composite number?
False
Is 6671323 a composite number?
False
Is 75567783 a prime number?
False
Is 18068887 composite?
True
Is 1848943 composite?
False
Is 125223249 composite?
True
Is 41973809 a composite number?
False
Is 36299261 composite?
False
Is 26920393 composite?
True
Is 53778403 a prime number?
False
Is 204962371 prime?
False
Is 15796909 a composite number?
True
Is 17114509 prime?
True
Is 397578381 a composite number?
True
Is 5016353 a prime number?
True
Is 528481 composite?
True
Is 9414001 a prime number?
True
Is 4306373 composite?
False
Is 11555587 a composite number?
False
Is 13802123 composite?
False
Is 1540997 prime?
True
Is 20947109 prime?
True
Is 142431263 a prime number?
False
Is 171003619 composite?
True
Is 15456209 a composite number?
True
Is 404161 a prime number?
True
Is 4123633 prime?
True
Is 1975003219 composite?
True
Is 11038019 prime?
True
Is 32232443 prime?
True
Is 405938639 prime?
True
Is 61506349 a composite number?
False
Is 12267121 a prime number?
True
Is 5310119 composite?
False
Is 409573 a prime number?
True
Is 185391397 prime?
False
Is 12164354 composite?
True
Is 476693 a prime number?
False
Is 13312471 a prime number?
True
Is 4807393 a composite number?
False
Is 11084627 composite?
False
Is 13884259 prime?
True
Is 18367067 a composite number?
False
Is 3176183 composite?
True
Is 3604483 a composite number?
True
Is 9488113 prime?
False
Is 20495453 a prime number?
False
Is 2619181 a composite number?
True
Is 289162583 a prime number?
True
Is 12935119 prime?
False
Is 2463391 composite?
True
Is 1360339 a composite number?
True
Is 5829301 a prime number?
True
Is 539254267 composite?
False
Is 144534251 a composite number?
True
Is 8294473 prime?
False
Is 18684101 a composite number?
False
Is 168113417 composite?
True
Is 1658533 a composite number?
False
Is 60126731 prime?
False
Is 58350317 a composite number?
True
Is 34987753 a prime number?
True
Is 309359 a prime number?
True
Is 197258459 composite?
True
Is 1419739 prime?
True
Is 301322183 a prime number?
False
Is 265669673 a prime number?
False
Is 190073983 a prime number?
False
Is 2193497 composite?
True
Is 307929131 prime?
False
Is 205917 prime?
False
Is 83001019 prime?
True
Is 441993 composite?
True
Is 7409141 a prime number?
False
Is 5814134 prime?
False
Is 56439403 prime?
True
Is 382176193 composite?
True
Is 17000215 a composite number?
True
Is 50616793 a prime number?
True
Is 1898102 composite?
True
Is 199657747 prime?
True
Is 213260143 prime?
False
Is 118222711 a prime number?
True
Is 136631987 composite?
True
Is 150265663 a composite number?
True
Is 10233071 composite?
False
Is 21638213 composite?
False
Is 9064529 prime?
False
Is 462181 a composite number?
False
Is 1040327 a composite number?
False
Is 1087445 prime?
False
Is 189456731 composite?
False
Is 5890361 prime?
False
Is 149493569 a composite number?
False
Is 57603317 a prime number?
False
Is 2077483 a composite number?
False
Is 6900053 prime?
True
Is 995563 a prime number?
False
Is 4792253 a composite number?
True
Is 1038031 a composite number?
True
Is 111184729 prime?
False
Is 4305689 composite?
False
Is 2646229 prime?
False
Is 176451995 a composite number?
True
Is 11132869 a prime number?
False
Is 4707839 a composite number?
True
Is 296461157 a prime number?
True
Is 105028507 prime?
True
Is 8142971 a prime number?
True
Is 31017293 prime?
False
Is 35998991 a composite number?
True
Is 14230301 a prime number?
True
Is 2420111 prime?
True
Is 712345 prime?
False
Is 88335393 prime?
False
Is 71123 composite?
True
Is 69145049 prime?
False
Is 7750429 composite?
True
Is 116939234 a composite number?
True
Is 21305389 composite?
True
Is 7593371 composite?
False
Is 54039967 a prime number?
False
Is 1087537 a prime number?
False
Is 143993651 a prime number?
True
Is 706899523 prime?
False
Is 19389361 composite?
True
Is 548279843 composite?
False
Is 4977853 a composite number?
False
Is 864889 a prime number?
False
Is 17045087 composite?
True
Is 141473333 composite?
False
Is 2390251 a prime number?
False
Is 89680313 composite?
True
Is 10250893 a composite number?
True
Is 10408745 prime?
False
Is 5345409 prime?
False
Is 2208079 prime?
False
Is 3791899 prime?
True
Is 28832341 prime?
True
Is 5546377 a composite number?
False
Is 1914907 a prime number?
False
Is 24724199 prime?
True
Is 47660279 prime?
True
Is 83322269 a prime number?
True
Is 43214222 a prime number?
False
Is 342777 a prime number?
False
Is 918287 composite?
True
I